83885?
8
What is the thousands digit of 268179?
8
What is the tens digit of 9156758?
5
What is the hundreds digit of 104720?
7
What is the hundred thousands digit of 7988790?
9
What is the hundred thousands digit of 1319653?
3
What is the tens digit of 8069435?
3
What is the tens digit of 293735?
3
What is the tens digit of 3422322?
2
What is the hundred thousands digit of 473475?
4
What is the millions digit of 5775395?
5
What is the hundred thousands digit of 3121309?
1
What is the millions digit of 1496553?
1
What is the units digit of 61930?
0
What is the hundred thousands digit of 2572843?
5
What is the tens digit of 10364379?
7
What is the units digit of 24113?
3
What is the hundred thousands digit of 765013?
7
What is the thousands digit of 1264931?
4
What is the hundreds digit of 304134?
1
What is the tens digit of 254722?
2
What is the units digit of 45023?
3
What is the units digit of 799265?
5
What is the units digit of 10346470?
0
What is the tens digit of 2374167?
6
What is the hundred thousands digit of 596892?
5
What is the millions digit of 22501331?
2
What is the hundreds digit of 642471?
4
What is the thousands digit of 602190?
2
What is the hundreds digit of 308155?
1
What is the ten thousands digit of 414513?
1
What is the millions digit of 2596847?
2
What is the ten thousands digit of 425661?
2
What is the hundreds digit of 2525652?
6
What is the ten thousands digit of 19278331?
7
What is the millions digit of 12108341?
2
What is the hundred thousands digit of 3426298?
4
What is the ten thousands digit of 19624720?
2
What is the units digit of 236965?
5
What is the thousands digit of 793440?
3
What is the hundred thousands digit of 8333193?
3
What is the hundred thousands digit of 2704225?
7
What is the hundreds digit of 4879141?
1
What is the hundred thousands digit of 663762?
6
What is the ten thousands digit of 304217?
0
What is the hundred thousands digit of 25343948?
3
What is the ten thousands digit of 1285210?
8
What is the ten thousands digit of 13041975?
4
What is the hundred thousands digit of 322047?
3
What is the tens digit of 2466030?
3
What is the ten thousands digit of 31708075?
0
What is the thousands digit of 61619?
1
What is the hundreds digit of 475673?
6
What is the millions digit of 9593031?
9
What is the hundred thousands digit of 5255847?
2
What is the millions digit of 2134685?
2
What is the thousands digit of 736268?
6
What is the hundreds digit of 35209?
2
What is the tens digit of 408105?
0
What is the thousands digit of 160632?
0
What is the millions digit of 7198806?
7
What is the ten thousands digit of 24644292?
4
What is the hundred thousands digit of 4723272?
7
What is the units digit of 438441?
1
What is the hundred thousands digit of 2239962?
2
What is the hundreds digit of 375559?
5
What is the hundred thousands digit of 369119?
3
What is the millions digit of 35116094?
5
What is the tens digit of 12104783?
8
What is the hundreds digit of 10714991?
9
What is the hundreds digit of 24122?
1
What is the tens digit of 562103?
0
What is the units digit of 967906?
6
What is the hundred thousands digit of 132646?
1
What is the tens digit of 127493?
9
What is the hundreds digit of 3318155?
1
What is the hundred thousands digit of 5198440?
1
What is the tens digit of 5361233?
3
What is the ten thousands digit of 3595296?
9
What is the ten thousands digit of 537669?
3
What is the hundreds digit of 588125?
1
What is the ten thousands digit of 122707?
2
What is the ten thousands digit of 448579?
4
What is the units digit of 496856?
6
What is the thousands digit of 124344?
4
What is the hundred thousands digit of 20139037?
1
What is the hundreds digit of 1122930?
9
What is the ten millions digit of 28288217?
2
What is the hundred thousands digit of 515627?
5
What is the tens digit of 274449?
4
What is the hundreds digit of 180269?
2
What is the hundreds digit of 3103947?
9
What is the ten thousands digit of 1061473?
6
What is the millions digit of 1385939?
1
What is the hundred thousands digit of 1808307?
8
What is the thousands digit of 181616?
1
What is the thousands digit of 2525175?
5
What is the tens digit of 411590?
9
What is the ten thousands digit of 67267?
6
What is the hundred thousands digit of 21727141?
7
What is the hundreds digit of 294696?
6
What is the hundreds digit of 64337?
3
What is the hundreds digit of 876099?
0
What is the hundred thousands digit of 493024?
4
What is the hundreds digit of 68297?
2
What is the tens digit of 239465?
6
What is the thousands digit of 404936?
4
What is the hundreds digit of 147842?
8
What is the units digit of 11067?
7
What is the ten thousands digit of 684502?
8
What is the units digit of 1578336?
6
What is the units digit of 21418?
8
What is the thousands digit of 375163?
5
What is the ten thousands digit of 1880585?
8
What is the units digit of 1252160?
0
What is the hundreds digit of 106863?
8
What is the units digit of 1374615?
5
What is the hundreds digit of 9054880?
8
What is the hundreds digit of 32477?
4
What is the hundreds digit of 496991?
9
What is the hundred thousands digit of 551555?
5
What is the hundred thousands digit of 2817479?
8
What is the hundred thousands digit of 18453641?
4
What is the ten thousands digit of 561115?
6
What is the thousands digit of 5790218?
0
What is the tens digit of 383446?
4
What is the tens digit of 447528?
2
What is the units digit of 12152722?
2
What is the thousands digit of 192189?
2
What is the tens digit of 1989522?
2
What is the ten thousands digit of 12577467?
7
What is the tens digit of 630487?
8
What is the thousands digit of 1651080?
1
What is the ten thousands digit of 4283498?
8
What is the hundred thousands digit of 1702407?
7
What is the tens digit of 2176683?
8
What is the ten thousands digit of 2753380?
5
What is the units digit of 157690?
0
What is the ten thousands digit of 3400307?
0
What is the ten thousands digit of 13359?
1
What is the ten thousands digit of 4244875?
4
What is the hundreds digit of 187779?
7
What is the thousands digit of 14482953?
2
What is the tens digit of 5813137?
3
What is the hundreds digit of 1039930?
9
What is the thousands digit of 835795?
5
What is the tens digit of 1749998?
9
What is the units digit of 18718?
8
What is the hundred thousands digit of 6619671?
6
What is the hundreds digit of 1885271?
2
What is the hundred thousands digit of 1461177?
4
What is the units digit of 589175?
5
What is the tens digit of 486569?
6
What is the hundred thousands digit of 759830?
7
What is the ten thousands digit of 34962628?
6
What is the hundreds digit of 205040?
0
What is the tens digit of 325747?
4
What is the tens digit of 433721?
2
What is the hundreds digit of 598658?
6
What is the millions digit of 5350533?
5
What is the thousands digit of 899756?
9
What is the hundreds digit of 185447?
4
What is the hundred thousands digit of 488772?
4
What is the hundred thousands digit of 503350?
5
What is the hundreds digit of 891002?
0
What is the tens digit of 66316?
1
What is the ten thousands digit of 109781?
0
What is the hundreds digit of 1114365?
3
What is the hundreds digit of 1010917?
9
What is the thousands digit of 4467052?
7
What is the hundred thousands digit of 8513317?
5
What is the tens digit of 2726440?
4
What is the thousands digit of 329000?
9
What is the hundred thousands digit of 1537451?
5
What is the hundred thousands digit of 2733381?
7
What is the ten thousands digit of 15690085?
9
What is the ten thousands digit of 1738210?
3
What is the hundred thousands digit of 13516394?
5
What is the ten thousands digit of 819414?
1
What is the tens digit of 25197139?
3
What is the thousands digit of 16456768?
6
What is the hundreds digit of 803773?
7
What is the hundreds digit of 753?
7
What is the ten thousands digit of 723025?
2
What is the ten millions digit of 14451301?
1
What is the units digit of 886512?
2
What is the ten thousands digit of 506105?
0
What is the units digit of 524175?
5
What is the thousands digit of 4435425?
5
What is the units digit of 447329?
9
What is the hundred thousands digit of 696424?
6
What is the tens digit of 2059994?
9
What is the units digit of 249493?
3
What is the hundred thousands digit of 1655128?
6
What is the t